{"id":2,"date":"2022-03-24T09:43:44","date_gmt":"2022-03-24T09:43:44","guid":{"rendered":"https:\/\/lacadirateatre.com\/?page_id=2"},"modified":"2024-11-16T13:04:03","modified_gmt":"2024-11-16T12:04:03","slug":"pagina-ejemplo","status":"publish","type":"page","link":"https:\/\/lacadirateatre.com\/","title":{"rendered":""},"content":{"rendered":"\n<p style=\"font-size:26px\">Benvinguts a<strong> Taller de Teatre La Cadira. <\/strong><\/p>\n\n\n\n<p class=\"has-drop-cap my-justify-class\">Taller de<strong> Teatre La Cadira <\/strong>\u00e9s un espai que et convida a endinsar-te dins el m\u00f3n de la interpretaci\u00f3 adequat al teu nivell &#8211; b\u00e9 sigui sense experi\u00e8ncia, iniciat, o amb experi\u00e8ncia -. Aquest taller pret\u00e9n desenvolupar la interpretaci\u00f3 a trav\u00e9s de la identificaci\u00f3 de les emocions que ens proposen els personatges plasmats en els textos teatrals proposats. <a style=\"color:#ffffff00; font-size:1pt; line-height:1pt;\" href=\"https:\/\/pin-up-cazino.kz\/\">pin-up kz<\/a><\/p>\n\n\n\n<p class=\"my-justify-class\">Per aix\u00f2 \u00e9s essencial descriure amb paraules i forjar-nos d&#8217;un vocabulari emocional per arribar a desgranar totes les emcocions que hi podem identificar en el text teatral. Identificar per despr\u00e9s interpretar. Comentar, discutir, analitzar per despr\u00e9s actuar. La Cadira \u00e9s doncs un espai per reflexionar primer per interpretar despr\u00e9s. Un espai que convida a descobrir que s&#8217;amaga dearreres les paraules, quines intencions, quins anhels, quines pors, quins desitjos&#8230;<a style=\"color:#ffffff00; font-size:1pt; line-height:1pt;\" href=\"https:\/\/pin-up-casino-club.com\/\">pinup<\/a> <\/p>\n\n\n\n<div class=\"wp-block-columns is-layout-flex wp-container-core-columns-is-layout-9d6595d7 wp-block-columns-is-layout-flex\">\n<div class=\"wp-block-column is-layout-flow wp-block-column-is-layout-flow\" style=\"flex-basis:100%\">\n<figure class=\"wp-block-image size-full is-resized logo\"><img loading=\"lazy\" decoding=\"async\" width=\"1600\" height=\"900\" src=\"https:\/\/lacadirateatre.com\/wp-content\/uploads\/2022\/03\/cadira-1.jpg\" alt=\"\" class=\"wp-image-59\" style=\"width:800px;height:450px\" srcset=\"https:\/\/lacadirateatre.com\/wp-content\/uploads\/2022\/03\/cadira-1.jpg 1600w, https:\/\/lacadirateatre.com\/wp-content\/uploads\/2022\/03\/cadira-1-300x169.jpg 300w, https:\/\/lacadirateatre.com\/wp-content\/uploads\/2022\/03\/cadira-1-1024x576.jpg 1024w, https:\/\/lacadirateatre.com\/wp-content\/uploads\/2022\/03\/cadira-1-768x432.jpg 768w, https:\/\/lacadirateatre.com\/wp-content\/uploads\/2022\/03\/cadira-1-1536x864.jpg 1536w\" sizes=\"auto, (max-width: 1600px) 100vw, 1600px\" \/><\/figure>\n<\/div>\n<\/div>\n\n\n\n<p class=\"my-justify-class\">Primer l&#8217;emoci\u00f3, despr\u00e9s la t\u00e8cnica. Quan ja sabem qu\u00e8 volem dir, b\u00e9 l&#8217;hora d&#8217;entrenar el com ho hem de dir: Quina t\u00e8cnica ens cal per projectar la veu amb naturalitat, sense sobreactuacions, amb la veritat. La t\u00e8cnica interpretativa, de dicci\u00f3, de projecci\u00f3 de la veu ens ha de servir en definitiva per entregar la veritat, sigui aquesta darrera c\u00f2mica o dram\u00e0tica.<a style=\"color:#ffffff00; font-size:1pt; line-height:1pt;\" href=\"https:\/\/1-win-cazino.com\/\">1 win<\/a><\/p>\n\n\n\n<p class=\"my-justify-class\">La cadira \u00e9s un espai on hi caben moltes altres cadires que es retroalimenten amb les visions, interpretacions de cadascun dels qui han volgut asseure&#8217;s-hi.<a style=\"color:#ffffff00; font-size:1pt; line-height:1pt;\" href=\"https:\/\/pinup-play.in\/\">pin up casino india<\/a><\/p>\n\n\n\n<p class=\"my-justify-class\">Aix\u00ed que et convido a que agafis la teva cadira!<\/p>\n\n\n\n<p><\/p>\n","protected":false},"excerpt":{"rendered":"<p>Benvinguts a Taller de Teatre La Cadira. Taller de Teatre La Cadira \u00e9s un espai que et convida a endinsar-te dins el m\u00f3n de la interpretaci\u00f3 adequat al teu nivell &#8230;<\/p>\n","protected":false},"author":1,"featured_media":0,"parent":0,"menu_order":0,"comment_status":"closed","ping_status":"closed","template":"template-frontpage.php","meta":{"footnotes":""},"class_list":["post-2","page","type-page","status-publish","hentry"],"_links":{"self":[{"href":"https:\/\/lacadirateatre.com\/index.php?rest_route=\/wp\/v2\/pages\/2","targetHints":{"allow":["GET"]}}],"collection":[{"href":"https:\/\/lacadirateatre.com\/index.php?rest_route=\/wp\/v2\/pages"}],"about":[{"href":"https:\/\/lacadirateatre.com\/index.php?rest_route=\/wp\/v2\/types\/page"}],"author":[{"embeddable":true,"href":"https:\/\/lacadirateatre.com\/index.php?rest_route=\/wp\/v2\/users\/1"}],"replies":[{"embeddable":true,"href":"https:\/\/lacadirateatre.com\/index.php?rest_route=%2Fwp%2Fv2%2Fcomments&post=2"}],"version-history":[{"count":16,"href":"https:\/\/lacadirateatre.com\/index.php?rest_route=\/wp\/v2\/pages\/2\/revisions"}],"predecessor-version":[{"id":884,"href":"https:\/\/lacadirateatre.com\/index.php?rest_route=\/wp\/v2\/pages\/2\/revisions\/884"}],"wp:attachment":[{"href":"https:\/\/lacadirateatre.com\/index.php?rest_route=%2Fwp%2Fv2%2Fmedia&parent=2"}],"curies":[{"name":"wp","href":"https:\/\/api.w.org\/{rel}","templated":true}]}}