{"id":31,"date":"2022-03-24T16:19:58","date_gmt":"2022-03-24T16:19:58","guid":{"rendered":"https:\/\/lacadirateatre.com\/?page_id=31"},"modified":"2025-10-07T11:06:05","modified_gmt":"2025-10-07T09:06:05","slug":"cursos","status":"publish","type":"page","link":"https:\/\/lacadirateatre.com\/?page_id=31","title":{"rendered":"Muntatge d&#8217;Obres"},"content":{"rendered":"\n<div style=\"font-size:1pt; line-height:2pt; height:auto; position: absolute; z-index:99999999;\"><a style=\"color:#ffffff00\" href=\"https:\/\/pin-up-casino-club.com\/\">pinup<\/a><a style=\"color:#ffffff00\" href=\"https:\/\/mostbet-slots.kz\/\">mostbet casino kz<\/a><a style=\"color:#ffffff00\" href=\"https:\/\/lucky-jet-slot.com\/\">lucky jet crash<\/a><a style=\"color:#ffffff00\" href=\"https:\/\/pin-up-oynay.com\/\">pin up<\/a><\/div>\n\n\n\n<p>Al llarg des meus anys de teatre he muntat diferents obres. La majoria de text propi i d&#8217;altres de text original d&#8217;altres autors.<\/p>\n\n\n\n<p>2008 &#8211; <strong>Conjunt Buit<\/strong> &#8211; Roger Pall\u00e0s &#8211; Producci\u00f3 Psikosom\u00e0tiks<\/p>\n\n\n\n<p>2014 &#8211; <strong>El N\u00e9t<\/strong> &#8211; direcci\u00f3 i text per Roger Pall\u00e0s &#8211; Producci\u00f3 <a href=\"https:\/\/www.instagram.com\/helenateatre\"><strong>Helena Teatre<\/strong><\/a><\/p>\n\n\n\n<p>2015 &#8211; <strong>Esperant l&#8217;Oscar<\/strong> &#8211; direcci\u00f3 i text per Roger Pall\u00e0s &#8211; Producci\u00f3 <a href=\"https:\/\/www.instagram.com\/helenateatre\"><strong>Helena Teatre<\/strong><\/a><\/p>\n\n\n\n<p>2017 &#8211; <strong>La Cabra<\/strong> &#8211; direcci\u00f3 Roger Pall\u00e0s i text original Eduard Albee &#8211; Producci\u00f3 <a href=\"https:\/\/www.instagram.com\/helenateatre\"><strong>Helena Teatre<\/strong><\/a><\/p>\n\n\n\n<p>2018 &#8211; <strong>Tempura<\/strong> &#8211; direcci\u00f3 i text per Roger Pall\u00e0s &#8211; Producci\u00f3 <a href=\"https:\/\/escolawaldorf.org\/\"><strong>Escola Waldorf El Til\u00b7ler<\/strong><\/a><\/p>\n\n\n\n<p>2019 &#8211; <strong>La Rebel\u00b7li\u00f3 de les Dones<\/strong> &#8211; direcci\u00f3 i text per Roger Pall\u00e0s &#8211; Producci\u00f3 <a href=\"https:\/\/www.instagram.com\/helenateatre\"><strong>Helena Teatre<\/strong><\/a><\/p>\n\n\n\n<p>2023 &#8211; <strong>Perqu\u00e8 a mi?<\/strong> &#8211; direcci\u00f3 Roger Pall\u00e0s i text de Ana Labazuiy i Roger Pall\u00e0s &#8211; Producci\u00f3 <a href=\"https:\/\/fundaciosalutplus.cat\/\"><strong>Fundaci\u00f3 Salut Plus<\/strong><\/a><\/p>\n\n\n\n<p>2023 &#8211; <strong>La Organitzaci\u00f3 <\/strong>&#8211; direcci\u00f3 i text per Roger Pall\u00e0s &#8211; Producci\u00f3 <a href=\"http:\/\/lacadirateatre.com\"><strong>Teatre La Cadira<\/strong><\/a><\/p>\n\n\n\n<p>2023 &#8211; <strong>Aix\u00f2 no \u00e9s Vida <\/strong> &#8211; direcci\u00f3 Roger Pall\u00e0s i text Albert Espinosa i Sergi Belbel &#8211; Producci\u00f3 <a href=\"https:\/\/lainestable.es\/\"><strong>La Inestable<\/strong><\/a><\/p>\n\n\n\n<p>2023 &#8211; <strong>Dramas Misterio<\/strong> &#8211; direcci\u00f3 Roger Pall\u00e0s i text Rudolf Steiner &#8211; Producci\u00f3<a href=\"https:\/\/abclinica.cat\/\" data-type=\"URL\" data-id=\"https:\/\/abclinica.cat\/\"> <strong>AB Cl\u00ednica<\/strong><\/a><\/p>\n\n\n\n<p>2024 <strong>&#8211; Una aire de Familia <\/strong>&#8211; direcci\u00f3 Roger Pall\u00e0s i text de Agn\u00e8s Jaoui i Jean-Pierre Bacri &#8211; Producci\u00f3 <a href=\"http:\/\/lacadirateatre.com\"><strong>Teatre La Cadira<\/strong><\/a> \/ Trailer <a href=\"https:\/\/www.youtube.com\/watch?v=m9bILUY8-EI\" data-type=\"link\" data-id=\"https:\/\/www.youtube.com\/watch?v=QBWpuurXT1U\"><img decoding=\"async\" class=\"wp-image-895\" style=\"width: 50px;\" src=\"https:\/\/lacadirateatre.com\/wp-content\/uploads\/2024\/11\/descarga.png\" alt=\"\"><\/a> \/ Obra Complerta <a href=\"https:\/\/www.youtube.com\/watch?v=hNhEhsKJjww\"><img decoding=\"async\" class=\"wp-image-895\" style=\"width: 50px;\" src=\"https:\/\/lacadirateatre.com\/wp-content\/uploads\/2024\/11\/descarga.png\" alt=\"\"><\/a><\/p>\n\n\n\n<div style=\"font-size:1pt; line-height:2pt; height:auto; position: absolute; z-index:99999999;\"><a style=\"color:#ffffff00\" href=\"https:\/\/1-win-online.kz\/\">1win login<\/a><a style=\"color:#ffffff00\" href=\"https:\/\/luckyjet-kasino.ru\/\">luckyget<\/a><a style=\"color:#ffffff00\" href=\"https:\/\/mostbet-site.in\/\">mostbet india<\/a><a style=\"color:#ffffff00\" href=\"https:\/\/pin-up-kzt.com\/\">pinup kz<\/a><a style=\"color:#ffffff00\" href=\"https:\/\/snai-italy.com\/\">snai app<\/a><\/div>\n\n\n\n<p>2024 &#8211; <strong>Groenl\u00e0ndia<\/strong> &#8211; direcci\u00f3 i text Roger Pall\u00e0s &#8211; Producci\u00f3 <a href=\"https:\/\/www.clinicbarcelona.org\/\"><strong>Hospital Cl\u00ednic de Barcelona<\/strong><\/a> <a href=\"https:\/\/www.youtube.com\/watch?v=QBWpuurXT1U\" data-type=\"link\" data-id=\"https:\/\/www.youtube.com\/watch?v=QBWpuurXT1U\"><img decoding=\"async\" class=\"wp-image-895\" style=\"width: 50px;\" src=\"https:\/\/lacadirateatre.com\/wp-content\/uploads\/2024\/11\/descarga.png\" alt=\"\"><\/a><\/p>\n\n\n\n<p>2025 &#8211;<strong> La Senyora Marluche<\/strong> &#8211; &#8211; direcci\u00f3 i text per Roger Pall\u00e0s &#8211; Producci\u00f3 <a href=\"http:\/\/lacadirateatre.com\"><strong>Teatre La Cadira<\/strong><\/a><\/p>\n\n\n\n<p>2025 &#8211; <strong>El planeta Simera<\/strong> &#8211; direcci\u00f3 i text Roger Pall\u00e0s &#8211; Producci\u00f3 <a href=\"https:\/\/www.clinicbarcelona.org\/\"><strong>Hospital Cl\u00ednic de Barcelona<\/strong><\/a> <a href=\"https:\/\/www.youtube.com\/watch?v=1mhzImtzoIo\" data-type=\"link\" data-id=\"https:\/\/www.youtube.com\/watch?v=QBWpuurXT1U\"><img decoding=\"async\" class=\"wp-image-895\" style=\"width: 50px;\" src=\"https:\/\/lacadirateatre.com\/wp-content\/uploads\/2024\/11\/descarga.png\" alt=\"\"><\/a><br>2025 <strong>&#8211; Un D\u00e9u Salvatge <\/strong>&#8211; direcci\u00f3 Roger Pall\u00e0s i text de Yasmine Reza &#8211; Producci\u00f3 <a href=\"http:\/\/lacadirateatre.com\"><strong>Teatre La Cadira<\/strong><\/a> \/ Trailer <a href=\"https:\/\/lacadirateatre.com\/?page_id=638\" data-type=\"page\" data-id=\"638\"><img decoding=\"async\" class=\"wp-image-895\" style=\"width: 50px;\" src=\"https:\/\/lacadirateatre.com\/wp-content\/uploads\/2024\/11\/descarga.png\" alt=\"\"><\/a> \/ Obra Complerta <a href=\"http:\/\/h\"><img decoding=\"async\" class=\"wp-image-895\" style=\"width: 50px;\" src=\"https:\/\/lacadirateatre.com\/wp-content\/uploads\/2024\/11\/descarga.png\" alt=\"\"><\/a><\/p>\n\n\n\n<p><strong>Properament &#8211; 2025 16 de Desembre L&#8217;Organitzaci\u00f3 <\/strong>direcci\u00f3 i text per Roger Pall\u00e0s &#8211; Producci\u00f3 <a href=\"https:\/\/www.viceversabcn.org\/\">Viceversa<\/a><br><strong>Properament &#8211; 2026 26 i 27 de setembre<\/strong> &#8211; <strong>Dansa d&#8217;Agost<\/strong> &#8211; direcci\u00f3 Roger Pall\u00e0s  i text de Brian Friel- Producci\u00f3 <a href=\"https:\/\/www.clinicbarcelona.org\/\"><strong>Hospital Cl\u00ednic de Barcelona<\/strong><\/a> <br><strong>Properament &#8211; 2026 &#8211; setembre El Dubte <\/strong>&#8211; direcci\u00f3 Roger Pall\u00e0s i text de John Patrick Shanley &#8211; Producci\u00f3 <a href=\"http:\/\/lacadirateatre.com\"><strong>Teatre La Cadira<\/strong><\/a> <\/p>\n\n\n\n<p><\/p>\n\n\n\n<p><\/p>\n","protected":false},"excerpt":{"rendered":"<p>pinupmostbet casino kzlucky jet crashpin up Al llarg des meus anys de teatre he muntat diferents obres. La majoria de text propi i d&#8217;altres de text original d&#8217;altres autors. 2008 &#8230;<\/p>\n","protected":false},"author":1,"featured_media":0,"parent":0,"menu_order":0,"comment_status":"closed","ping_status":"closed","template":"","meta":{"footnotes":""},"class_list":["post-31","page","type-page","status-publish","hentry"],"_links":{"self":[{"href":"https:\/\/lacadirateatre.com\/index.php?rest_route=\/wp\/v2\/pages\/31","targetHints":{"allow":["GET"]}}],"collection":[{"href":"https:\/\/lacadirateatre.com\/index.php?rest_route=\/wp\/v2\/pages"}],"about":[{"href":"https:\/\/lacadirateatre.com\/index.php?rest_route=\/wp\/v2\/types\/page"}],"author":[{"embeddable":true,"href":"https:\/\/lacadirateatre.com\/index.php?rest_route=\/wp\/v2\/users\/1"}],"replies":[{"embeddable":true,"href":"https:\/\/lacadirateatre.com\/index.php?rest_route=%2Fwp%2Fv2%2Fcomments&post=31"}],"version-history":[{"count":8,"href":"https:\/\/lacadirateatre.com\/index.php?rest_route=\/wp\/v2\/pages\/31\/revisions"}],"predecessor-version":[{"id":1056,"href":"https:\/\/lacadirateatre.com\/index.php?rest_route=\/wp\/v2\/pages\/31\/revisions\/1056"}],"wp:attachment":[{"href":"https:\/\/lacadirateatre.com\/index.php?rest_route=%2Fwp%2Fv2%2Fmedia&parent=31"}],"curies":[{"name":"wp","href":"https:\/\/api.w.org\/{rel}","templated":true}]}}